rime factors of 1623093.
3, 89, 6079
List the prime factors of 1409195.
5, 281839
List the prime factors of 139487.
139487
What are the prime factors of 1946890?
2, 5, 11, 1609
What are the prime factors of 1490177?
13, 79, 1451
List the prime factors of 163635.
3, 5, 10909
What are the prime factors of 2107225?
5, 31, 2719
What are the prime factors of 7945217?
7, 29, 39139
What are the prime factors of 138194?
2, 7, 9871
List the prime factors of 2378432.
2, 7, 5309
List the prime factors of 4775880.
2, 3, 5, 39799
List the prime factors of 6478357.
2411, 2687
What are the prime factors of 89792?
2, 23, 61
What are the prime factors of 327?
3, 109
List the prime factors of 1235888.
2, 77243
List the prime factors of 4807813.
4807813
List the prime factors of 10523202.
2, 3, 1753867
List the prime factors of 357627.
3, 23, 71, 73
List the prime factors of 394316.
2, 13, 7583
What are the prime factors of 152421?
3, 23, 47
What are the prime factors of 148587?
3, 49529
List the prime factors of 1275868.
2, 11, 107, 271
What are the prime factors of 28139570?
2, 5, 19, 29, 5107
What are the prime factors of 345996?
2, 3, 7, 1373
What are the prime factors of 123887?
123887
What are the prime factors of 382705?
5, 76541
List the prime factors of 4194097.
1381, 3037
List the prime factors of 132210.
2, 3, 5, 13, 113
List the prime factors of 16641162.
2, 3, 41, 22549
What are the prime factors of 1375029?
3, 127, 401
What are the prime factors of 5868448?
2, 183389
List the prime factors of 75303.
3, 2789
List the prime factors of 1672260.
2, 3, 5, 47, 593
What are the prime factors of 16882259?
31, 47, 11587
List the prime factors of 631151.
631151
What are the prime factors of 25937095?
5, 109, 47591
What are the prime factors of 681632?
2, 7, 17, 179
What are the prime factors of 477778?
2, 7, 34127
What are the prime factors of 2442048?
2, 3, 7, 23, 79
List the prime factors of 2562691.
2562691
List the prime factors of 150755.
5, 11, 2741
List the prime factors of 239812.
2, 167, 359
What are the prime factors of 183796?
2, 45949
List the prime factors of 6773914.
2, 7, 23, 109, 193
List the prime factors of 273909.
3, 91303
List the prime factors of 4187527.
887, 4721
What are the prime factors of 93128?
2, 7, 1663
List the prime factors of 7931530.
2, 5, 101, 7853
What are the prime factors of 217100?
2, 5, 13, 167
List the prime factors of 1402557.
3, 13, 35963
List the prime factors of 4351347.
3, 7, 11, 13, 23
List the prime factors of 215709.
3, 13, 5531
List the prime factors of 117612.
2, 3, 11
What are the prime factors of 781612?
2, 13, 15031
List the prime factors of 19779731.
397, 49823
List the prime factors of 122833.
122833
What are the prime factors of 508958?
2, 31, 8209
List the prime factors of 221349.
3, 73783
What are the prime factors of 831275?
5, 41, 811
What are the prime factors of 150055?
5, 30011
List the prime factors of 44581.
109, 409
What are the prime factors of 13592407?
163, 83389
List the prime factors of 1828865.
5, 365773
List the prime factors of 1140811.
7, 162973
List the prime factors of 17813.
47, 379
List the prime factors of 1947504.
2, 3, 13, 3121
What are the prime factors of 77603?
71, 1093
List the prime factors of 5799382.
2, 2899691
What are the prime factors of 152821?
152821
List the prime factors of 10488861.
3, 43, 27103
What are the prime factors of 184244?
2, 46061
List the prime factors of 4241619.
3, 17, 9241
What are the prime factors of 207456?
2, 3, 2161
List the prime factors of 21647.
21647
List the prime factors of 148688.
2, 9293
List the prime factors of 62598.
2, 3, 10433
List the prime factors of 1785291.
3, 595097
What are the prime factors of 4473294?
2, 3, 7, 73, 1459
What are the prime factors of 459732?
2, 3, 7, 13, 421
List the prime factors of 281291.
281291
What are the prime factors of 9241924?
2, 2310481
What are the prime factors of 18605050?
2, 5, 233, 1597
List the prime factors of 18208209.
3, 6069403
What are the prime factors of 544192?
2, 11, 773
List the prime factors of 1780409.
421, 4229
List the prime factors of 1289236.
2, 13, 24793
What are the prime factors of 19167983?
127, 150929
List the prime factors of 2130847.
31, 68737
List the prime factors of 1706195.
5, 103, 3313
List the prime factors of 1002285.
3, 5, 22273
List the prime factors of 139635.
3, 5, 29, 107
What are the prime factors of 164733?
3, 43, 1277
What are the prime factors of 2164501?
2164501
List the prime factors of 4448573.
4448573
What are the prime factors of 1566977?
1009, 1553
What are the prime factors of 1225107?
3, 13, 37, 283
What are the prime factors of 4489224?
2, 3, 17, 11003
List the prime factors of 236930.
2, 5, 19, 29, 43
What are the prime factors of 7709046?
2, 3, 1284841
List the prime factors of 2117667.
3, 29, 101, 241
List the prime factors of 11497197.
3, 3832399
List the prime factors of 4958670.
2, 3, 5, 67, 2467
What are the prime factors of 12651?
3, 4217
What are the prime factors of 36416794?
2, 2557, 7121
List the prime factors of 8501831.
13, 43, 67, 227
What are the prime factors of 8565804?
2, 3, 13, 6101
List the prime factors of 953482.
2, 43, 11087
List the prime factors of 8911429.
61, 139, 1051
What are the prime factors of 311829?
3, 7, 31, 479
What are the prime factors of 12093539?
103, 117413
What are the prime factors of 1544696?
2, 293, 659
What are the prime factors of 700163?
89, 7867
List the prime factors of 2564246.
2, 17, 53, 1423
What are the prime factors of 9429?
3, 7, 449
List the prime factors of 77814.
2, 3, 11, 131
List the prime factors of 395802.
2, 3, 11, 1999
What are the prime factors of 2997542?
2, 17, 131, 673
What are the prime factors of 104481?
3, 13, 19, 47
List the prime factors of 23580829.
3137, 7517
List the prime factors of 102260.
2, 5, 5113
What are the prime factors of 1194432?
2, 3, 6221
List the prime factors of 434340.
2, 3, 5, 19, 127
What are the prime factors of 399863?
281, 1423
List the prime factors of 201444.
2, 3, 16787
What are the prime factors of 315842?
2, 79, 1999
What are the prime factors of 61577?
139, 443
List the prime factors of 96147.
3, 1187
List the prime factors of 4390704.
2, 3, 30491
What are the prime factors of 766047?
3, 255349
What are the prime factors of 319802?
2, 7, 53, 431
What are the prime factors of 1477854?
2, 3, 7, 37, 317
What are the prime factors of 941676?
2, 3, 97, 809
List the prime factors of 30172.
2, 19, 397
List the prime factors of 1650400.
2, 5, 2063
What are the prime factors of 6460075?
5, 258403
What are the prime factors of 9351417?
3, 37, 84247
List the prime factors of 700043.
17, 41179
List the prime factors of 778721.
167, 4663
What are the prime factors of 1380156?
2, 3, 115013
List the prime factors of 1614833.
11, 73, 2011
List the prime factors of 82669.
19, 229
What are the prime factors of 77565?
3, 5, 5171
List the prime factors of 2353855.
5, 7, 109, 617
What are the prime factors of 8565524?
2, 11, 194671
List the prime factors of 1477453.
17, 233, 373
What are the prime factors of 13027006?
2, 31, 210113
List the prime factors of 1277490.
2, 3, 5, 97, 439
What are the prime factors of 4483385?
5, 896677
List the prime factors of 8423311.
13, 29, 22343
List the prime factors of 29933357.
107, 279751
What are the prime factors of 1208705?
5, 103, 2347
What are the prime factors of 815081?
19, 42899
List the prime factors of 21108185.
5, 7, 603091
What are the prime factors of 484880?
2, 5, 11, 19, 29
List the prime factors of 10853601.
3, 11, 328897
List the prime factors of 1730167.
1730167
List the prime factors of 349038.
2, 3, 19391
List the prime factors of 1102947.
3, 367649
List the prime factors of 29036545.
5, 151, 38459
List the prime factors of 146383.
146383
What are the prime factors of 15339863?
7, 11, 41, 43, 113
List the prime factors of 82574.
2, 19, 41, 53
List the prime factors of 94390.
2, 5, 9439
List the prime factors of 4020912.
2, 3, 7, 3989
List the prime factors of 2032450.
2, 5, 7, 5807
List the prime factors of 471702.
2, 3, 7, 11, 1021
What are the prime factors of 10483258?
2, 167, 31387
List the prime factors of 70766.
2, 41, 863
What are the prime factors of 101713?
37, 2749
List the prime factors o